e 9
-311878
101870 (base 9) to base 16
ec49
Convert 12f67 (base 16) to base 8.
227547
Convert -2c7642 (base 14) to base 2.
-101111100001001011010
What is 33130221 (base 4) in base 6?
1204533
Convert -53522556 (base 7) to base 15.
-6013b6
Convert -32ca3 (base 13) to base 3.
-11200112020
Convert 1124514210 (base 6) to base 7.
211426062
-4f5b0 (base 16) to base 10
-325040
Convert 110010110110001 (base 2) to base 7.
135620
What is 1095394 (base 11) in base 7?
22144554
What is 121000041 (base 5) in base 12?
231649
What is 4782139 (base 11) in base 6?
454341134
What is -4880649 (base 10) in base 11?
-28339a4
Convert -403a (base 16) to base 6.
-204042
-1225543512 (base 6) to base 3
-222212020120222
Convert 10011101101101001000 (base 2) to base 14.
12b5a0
What is 1421454 (base 9) in base 10?
781861
Convert 67721 (base 11) to base 10.
98033
-d75a (base 16) to base 11
-38469
What is -320022 (base 6) in base 12?
-13012
4875a (base 11) to base 6
1300352
Convert -1559671 (base 12) to base 9.
-8160464
-730b4 (base 15) to base 5
-43132134
What is 431107 (base 8) in base 16?
23247
Convert 106b2 (base 13) to base 10.
29720
-69c47 (base 13) to base 3
-100211001112
32010303 (base 4) to base 11
3a350
What is 13341137 (base 8) in base 14?
580c59
Convert -10210220022012 (base 3) to base 16.
-1ee7a7
-11302151 (base 6) to base 10
-350419
Convert -12b10 (base 15) to base 11.
-40a83
What is -21033123 (base 5) in base 8?
-524123
What is -1202243310 (base 5) in base 10?
-2774830
Convert -2594b (base 12) to base 16.
-c90b
What is -15023241 (base 8) in base 3?
-20102122021202
143150042 (base 6) to base 14
56c562
-606546 (base 7) to base 13
-37c6b
What is 284473 (base 9) in base 3?
22211112110
Convert 101011000001110101001 (base 2) to base 8.
5301651
What is -a961b4 (base 14) in base 4?
-111321210002
What is -70410 (base 8) in base 16?
-7108
What is -340030 (base 9) in base 7?
-1505025
2202220122021 (base 3) to base 5
334141004
What is 1232013121 (base 4) in base 13?
12a3ab
What is 650303 (base 9) in base 11?
245022
What is -6b5769 (base 15) in base 13?
-10a89c2
Convert -12013013010 (base 4) to base 6.
-54200340
What is 77227 (base 9) in base 7?
302215
What is 50782 (base 15) in base 12?
103572
What is -12510045 (base 7) in base 6?
-40314210
Convert -13ad6c (base 15) to base 13.
-272682
Convert 21dda53 (base 14) to base 15.
163a6a9
1215555 (base 7) to base 4
212000100
133515 (base 13) to base 4
1301120232
63405 (base 8) to base 11
188a6
38b29 (base 13) to base 9
170216
What is -35850a (base 16) in base 8?
-15302412
Convert 165867 (base 11) to base 9.
430873
bc28 (base 14) to base 6
410444
6113790 (base 11) to base 16
a4f28d
What is 2b53149 (base 13) in base 12?
479888b
Convert 645716 (base 8) to base 15.
4400e
550751 (base 8) to base 13
66171
What is 1121201021100 (base 3) in base 2?
11010010000100000010
Convert 5403251 (base 9) to base 12.
b77984
What is -28022603 (base 9) in base 15?
-13337e0
What is -10112221021210 (base 3) in base 5?
-440411240
Convert 550600 (base 11) to base 15.
125776
17b602 (base 13) to base 10
596403
What is 57aa848 (base 11) in base 15?
d562d7
5ff189 (base 16) to base 3
102211110011202
What is 10056300 (base 7) in base 6?
25542253
What is -142141200 (base 5) in base 16?
-b4b4f
Convert -15766a2 (base 13) to base 8.
-32237571
What is 2102001012 (base 3) in base 13?
18776
Convert 165049 (base 12) to base 7.
3150354
Convert 105320 (base 16) to base 5.
233213411
-20142 (base 14) to base 8
-226436
-1562410 (base 11) to base 14
-4d6347
What is -110213232 (base 4) in base 12?
-40a66
Convert -28a16 (base 12) to base 14.
-1697c
What is 341472 (base 9) in base 2?
110001111011011101
-12065414 (base 7) to base 13
-2b84c4
1875147 (base 9) to base 7
11645341
What is 3273b (base 14) in base 8?
356461
Convert 101010100011001111101 (base 2) to base 9.
2554553
-30032231 (base 4) to base 3
-2112201022
What is 2313530 (base 7) in base 3?
112201000002
2234422231 (base 5) to base 12
1810749
What is -30a14 (base 15) in base 13?
-55213
What is 313144 (base 11) in base 9?
844488
Convert -9dfa1 (base 16) to base 11.
-402179
Convert -35535061 (base 7) to base 10.
-3151870
What is -278997 (base 10) in base 9?
-464636
-1905b77 (base 13) to base 7
-126353305
What is 73b (base 15) in base 14?
847
Convert 4403035 (base 8) to base 13.
324857
27514151 (base 8) to base 4
113221201221
What is a8916 (base 12) in base 3?
102022012200
-11220201102 (base 3) to base 15
-1da02
2616264 (base 10) to base 6
132024200
Convert 452660 (base 7) to base 12.
3a53b
Convert -231559 (base 12) to base 4.
-2021103111
Convert 1c299d (base 14) to base 4.
3311221333
Convert 101011011011000 (base 2) to base 4.
11123120
25263565 (base 7) to base 11
1320565
Convert 3223321 (base 10) to base 8.
14227431
2d19ba (base 15) to base 9
4085674
11210003411 (base 5) to base 2
101111111110111100101110
-102222521 (base 6) to base 14
-348d45
-325424 (base 8) to base 5
-11444312
What is 613069 (base 10) in base 6?
21050141
-2672144 (base 12) to base 6
-431104524
Convert -12110110120 (base 3) to base 14.
-2b26a
Convert 4f6e0 (base 16) to base 6.
10550120
What is 1323302022 (base 4) in base 14?
d2ab8
147213 (base 9) to base 12
444b6
What is 742266 (base 12) in base 13?
4c040a
-789576 (base 10) to base 14
-167a64
-1682ac6 (base 13) to base 15
-98ebd6
Convert 145451035 (base 7) to base 4.
211012231210
Convert -10011111010001110010 (base 2) to base 9.
-1203831
Convert -2035682 (base 11) to base 2.
-1101101101100100010100
What is -131052331 (base 6) in base 11?
-14a824a
-10101010001010101010011 (base 2) to base 8
-25212523
Convert -21d2 (base 15) to base 12.
-4198
-2511151 (base 10) to base 7
-30226066
Convert -441320 (base 5) to base 11.
-10478
What is -2005514 (base 6) in base 7?
-542515
What is -112501350 (base 6) in base 10?
-2092098
-12550120 (base 6) to base 2
-1100110001101100000
Convert 40031400 (base 5) to base 13.
b0270
3100ac (base 13) to base 14
21a570
Convert 323433 (base 5) to base 8.
25556
What is 5202164 (base 7) in base 15?
c4745
-53929 (base 13) to base 4
-210312220
What is 201112120222 (base 3) in base 16?
5de66
Convert -90b69 (base 12) to base 6.
-4011413
What is -14a027 (base 12) in base 7?
-2652514
7213401 (base 8) to base 14
378a9b
What is 2a9c9b4 (base 13) in base 5?
11443323004
What is -2020102211010 (base 3) in base 5?
-301031341
Convert 50313551 (base 6) to base 15.
1d240d
-4243001 (base 5) to base 8
-213712
-28128 (base 14) to base 13
-360b8
Convert 96a0aa (base 11) to base 8.
5724617
-3b5d4 (base 15) to base 5
-22042244
Convert 94c6a (base 15) to base 3.
212222100201
-20152014 (base 6) to base 2
-10001100010001101010
3467732 (base 10) to base 6
202154152
What is 2422599 (base 10) in base 15?
32cc19
What is -1111111110000001 (base 2) in base 11?
-45163
-22220221 (base 4) to base 5
-2343221
What is 56b368 (base 14) in base 7?
34035661
What is 11108629 (base 10) in base 4?
222120010111
Convert 385540 (base 10) to base 11.
243731
-2538282 (base 10) to base 16
-26bb2a
615750 (base 8) to base 4
301233220
What is -160176 (base 8) in base 5?
-3314340
What is -168a834 (base 11) in base 5?
-1213304220
-24220302 (base 5) to base 10
-226327
What is -bd410 (base 15) in base 6?
-20521253
Convert -78821 (base 12) to base 6.
-3233241
-103210021023 (base 4) to base 2
-10011100100001001001011
Convert -6f331 (base 16) to base 9.
-763711
Convert 2220030223 (base 4) to base 12.
292837
-65503300 (base 7) to base 12
-1a6930a
-1b8111 (base 12) to base 7
-4113136
What is -4415967 (base 10) in base 7?
-52351353
What is 222102321 (base 4) in base 5?
21020431
130143014 (base 5) to base 3
1012001120201
Convert 8c76da (base 14) to base 13.
cb6784
What is -12b12a (base 15) in base 14?
-19539d
Convert 450726 (base 8) to base 10.
152022
What is -1101101111010001111000 (base 2) in base 11?
-203a977
110111000111001001 (base 2) to base 4
313013021
What is 2002202101 (base 3) in base 12?
1bb3a
Convert -107f97 (base 16) to base 2.
-100000111111110010111
330485 (base 10) to base 2
1010000101011110101
11111222121 (base 3) to base 7
520156
-20071065 (base 8) to base 12
-14b8219
What is -3030242012 (base 5) in base 15?
-808357
What is 35015211 (base 6) in base 13?
2b8721
What is -100001100100001000000 (base 2) in base 11?
-691365
-2311